. Suppose -2*h + 34 + d = 4*k, -2*k = -3*h - 96. What is the tens digit of k?
5
Suppose 3*y + 5*q - 12222 = -4886, 5*q - 2442 = -y. What is the thousands digit of y?
2
Let a(b) = -92*b - 281. What is the tens digit of a(-8)?
5
Let p(i) = -i**3 - 45*i**2 - 128*i + 59. What is the tens digit of p(-45)?
1
Let w = -18 + 282. What is the tens digit of w?
6
Let m be (2 - -1) + -10 + 13. Suppose 0 = -2*n, -4*v - n = -m*n - 12. Suppose -2*p - v*p = -145. What is the units digit of p?
9
Let p(v) = 8*v + 16*v - v - 54. What is the units digit of p(10)?
6
Let a be (-1150)/(-299) + (-2)/(-13). Let f = -19 - -38. Suppose a*m = -8, 4*m = -0*j - j + f. What is the units digit of j?
7
Let w = -3567 - -6143. What is the tens digit of w?
7
Let k be (2 + 2 + -1)/1. Suppose -n = -2*n + 10. Let c = n - k. What is the units digit of c?
7
Suppose -12 = 8*v - 9*v. Suppose 4*w - 3*c + 11 = 0, 4*w + c + 3*c = -4. What is the units digit of (9/v)/(w/(-48))?
8
Let f = -135 - -123. Let n = 66 - f. What is the units digit of n?
8
Let h(i) = -i**3 - 8*i**2 - 14*i - 4. What is the units digit of h(-11)?
3
Suppose 3 = r - 3. Let k be (r/(-9))/(10/(-75)). Suppose k*y + 65 = 5*w, y - 35 = -3*w + 20. What is the tens digit of w?
1
Suppose 3*k + k - 56 = 0. Suppose -u + t = -22 - k, -4*t + 56 = u. What is the units digit of u?
0
Let p(h) be the first derivative of -3*h + 2/3*h**3 - 5 + 5/2*h**2. What is the units digit of p(-5)?
2
Suppose -t = -5*f - 50, -5*t + 3*f + 138 = -24. Let o = t - -56. What is the tens digit of o?
8
Suppose -328 = -5*n - 58. What is the tens digit of n?
5
Let k(q) = -11*q**3 - 2*q**2 + q. Let r be k(1). Let w(c) = c**3 - 14*c**2 + 11*c + 10. Let j be w(13). Let n = r - j. What is the units digit of n?
4
Suppose -2339 = -3*d + 3*s - 836, 0 = -2*s. What is the hundreds digit of d?
5
Let n(s) = s**3 + 25*s**2 + 67*s + 26. Let r be n(-22). Suppose -100 = 2*a - 6*a. Suppose 0 = -3*i + r*i - a. What is the tens digit of i?
2
Let i(n) = 9*n - 5. What is the units digit of i(22)?
3
Suppose -k + 4*i = -416, -4*i - 1216 = -3*k - 0*k. What is the units digit of k?
0
Let n be 4/(-14 - -2)*21. Let s(h) = 3*h**2 - 6*h - 3. Let z be s(n). What is the tens digit of (-9)/18 - z/(-4)?
4
Let d(i) = i**2 - 6*i + 9. Let m be d(11). Suppose -j - m = -2*j. What is the tens digit of j?
6
Suppose 8*p = 3*p + 1325. Suppose -p - 497 = -3*x. Suppose 5*b = v + x, -32 = -2*b - 4*v + 52. What is the tens digit of b?
5
Let i(g) = 82*g**2 + 2*g + 8. What is the hundreds digit of i(-4)?
3
Suppose -5*u + 2*u - 2*a + 2808 = 0, -a = u - 935. What is the units digit of u?
8
Let x = -23 + 28. Suppose x*i = -5*z + 75, -z = -3*z. What is the units digit of i?
5
Suppose -p - 2*v = v + 4, 0 = v. What is the units digit of 127 + -3 + p/(-4) + 0?
5
Suppose -5*p + a = -1281, -p = -3*p + 4*a + 516. What is the units digit of p?
6
Let b(v) = v + 7. Let f be b(-5). Suppose f*k - 84 = k. What is the tens digit of k?
8
Let s = 17 - 5. What is the units digit of s?
2
Let f = -157 + 379. Let x = f - 102. What is the hundreds digit of x?
1
Suppose 3 = 2*h - 3. Suppose -2*t + 15 = 5*v, h*v - 5*v + 6 = -t. What is the units digit of v?
3
Let c = 5014 - 1879. What is the units digit of c?
5
Let d(h) = 47*h + 497. What is the thousands digit of d(33)?
2
Let h(u) = -u**2 - 3*u + 18. Let j be h(3). Let i(n) = -4*n - 21. Let r(g) = -2*g - 10. Let q(l) = 4*i(l) - 9*r(l). What is the units digit of q(j)?
6
Let o(s) = 2*s**3 - 14*s**2 - 9*s - 11. What is the tens digit of o(11)?
5
Suppose 5*a + 33 - 8 = 0, 9 = 4*p - 5*a. Let s(b) = -1 - b + 1 + 5. What is the units digit of s(p)?
9
Suppose -4*u + 14 = h, 4*u - 5*h - 39 = -13. Suppose 75 = b + u*b. What is the tens digit of b?
1
Let b = -24 - -24. Let i(r) = -3*r**3 + r**2 - r + 1. Let a be i(1). Let s = b - a. What is the units digit of s?
2
Let d(s) = -4*s - 4. Let i(y) = 2*y + 5. Suppose 3*m = 5*m + 12. Let w be i(m). What is the units digit of d(w)?
4
Suppose 0 = -4*b + 5*f - 2*f + 692, 4 = -f. Let i = b + -72. What is the tens digit of i?
9
Suppose 5*y - 3*y = 4, -4*f - y + 4214 = 0. What is the thousands digit of f?
1
Suppose b - 1213 = -2*p + 2384, 2*p + 5*b = 3577. What is the tens digit of p?
0
Let t be 3/(6/4) + -15. Let k = t - -33. What is the units digit of k?
0
Let p = 1780 - 1252. What is the tens digit of p?
2
What is the units digit of 1/(-4) + 2 + 5818/8?
9
Let o be (14/28)/(1/6). Suppose 2*r + d - 6 = 4*d, 4*r - o*d = 12. Suppose r*w = 3*p + 42, -6 = -w + 3*p - 4*p. What is the units digit of w?
0
Suppose -r - 30 + 84 = 0. Suppose 84 = 6*t - r. What is the tens digit of t?
2
Suppose 2*d - 5*v - 6 = 0, -v - 2*v = d - 14. Let u = d - -68. What is the tens digit of u?
7
Suppose 0 = 2*o + 4*o. Let t = -2 - -4. Suppose -2*x + 7*q - t*q = -26, o = -x - 4*q. What is the units digit of x?
8
Let q = 8 + -11. Let d be (-18)/3 - q - 2. Let a = d - -27. What is the tens digit of a?
2
Let m = -39 - -63. Suppose -4*n + 55 = 3*a, -2*n = -4*n + 2*a + m. Let q = n - 8. What is the units digit of q?
5
Let q(l) = -l + 5. Let n be q(3). Suppose 0 = n*h - b - 17, 2*h = 3*b + 1 + 6. What is the tens digit of h?
1
Let z(k) = -8*k + 2025. What is the tens digit of z(0)?
2
Let p(y) = 10*y**2 + 0 + 9 + y**3 - 7*y + 19*y - 26*y. What is the units digit of p(-11)?
2
Suppose -12167 = -34*y + 55255. What is the units digit of y?
3
Suppose d + 6 - 3 = 0. Let l be (d/5)/((-1)/(-5)). Let c(k) = -14*k - 1. What is the units digit of c(l)?
1
Let d(l) = -2*l**3 - 3*l**2 + 13*l - 3. What is the tens digit of d(-12)?
6
Let o(g) = -7*g**2 + 5*g + 5. Let z(v) = -8*v**2 + 4*v + 4. Let f(q) = 6*o(q) - 7*z(q). What is the tens digit of f(-2)?
5
Let h(y) = y**2 + 6*y + 1127. What is the hundreds digit of h(0)?
1
Let v(y) = -y**2 + 1. Let g be (-8)/(-2)*(-3)/12. Let z be v(g). Suppose t = 5*d - 90, d + z*d + 5*t - 18 = 0. What is the units digit of d?
8
Let n(a) = -5*a**2 + a - 17. Let s(f) = f**2 - f - 1. Let z(c) = -n(c) - 6*s(c). What is the tens digit of z(6)?
1
Let n = -42 + 44. Suppose -125 = -n*g - 51. What is the units digit of g?
7
Let r(w) = 3*w - 18. Let o be ((-12)/(-2))/(-3 - -2). Let n be r(o). What is the units digit of (-2)/(-12) - 246/n?
7
Let u(k) be the first derivative of -25*k**2/2 - 16. What is the tens digit of u(-3)?
7
Suppose 5*h + 13 = 4*z + 2, 0 = -3*z - h + 13. Let b(j) = j**3 - 3*j**2 - 3*j - 1. What is the units digit of b(z)?
3
Let s be ((-160)/15)/((-2)/6). Suppose -29*y + s*y - 192 = 0. What is the units digit of y?
4
Let z(r) = r**3 - 14*r**2 + 17. Let l be z(13). Let h = l - -227. What is the units digit of h?
5
Suppose -2*m = 5*l - 4547 + 1857, 0 = -l + 4*m + 516. What is the tens digit of l?
3
Let z be (-6)/8 + (-46)/(-8). Let s = -13 + z. Let o = s - -15. What is the units digit of o?
7
Let x(h) = 70*h**2 - 8*h - 17. What is the hundreds digit of x(-2)?
2
What is the units digit of (1/4)/(-9*(-3)/54324)?
3
Suppose -3*d = 64*w - 59*w - 2599, 3*d = 2*w - 1027. What is the hundreds digit of w?
5
Let s(k) = 2*k. Let x be s(3). Let c be 2 + x/(-1) - 2. What is the tens digit of (-831)/(-33) - c/(-33)?
2
Suppose -4*x + 3*g + 292 + 1140 = 0, 5*x + 3*g = 1763. What is the hundreds digit of x?
3
Let a = -101 - -310. What is the hundreds digit of a?
2
Suppose -4*s = 3*y - 5*y + 164, -261 = -3*y + s. Suppose -y = 7*f - 690. What is the tens digit of f?
8
Suppose -5*p = -15, -4*y + 2*y + 4*p = -1156. Suppose 5*u + 0*b + 3*b - y = 0, 4*u - b = 474. What is the hundreds digit of u?
1
Let h = -2 + 14. Let f = 632 + -602. Suppose f = x + h. What is the units digit of x?
8
Let k(p) = -p**2 - 12*p - 12. Let y(h) = -h + 5. Let z be y(6). Let g(l) = -9*l**2. Let b be g(z). What is the units digit of k(b)?
5
Let v be 14/(-84) + (-122)/(-12). Suppose 5 = 5*s - v. Suppose 0 = -s*b - b + 120. What is the tens digit of b?
3
Suppose -1800 - 1126 = -22*h. What is the units digit of h?
3
Let o = -4995 + 7188. What is the tens digit of o?
9
Let k = -61 - -63. Suppose 7*i + 9 = w + k*i, 2*w + 3*i = 70. What is the units digit of w?
9
Let p be -11 - -13 - (-1 - -1). Suppose -p*u + 45 - 21 = 0. What is the units digit of u?
2
Let b = -90 + 94. Suppose b*h + j - 225 = 0, -3*j + 113 = 2*h - 2*j. What is the tens digit of h?
5
Let j(l) = -17*l - 7 + 60*l - 17*l - 25*l. Let z = -17 - -3